g = f + 47. Let l = -31 + r. Calculate the greatest common divisor of l and 6.
3
Let c(y) = -3*y**2 + 17*y + 21. Let x be c(-12). Let a be (-65)/(-520) + x/(-8). Let t = 18 - 11. Calculate the highest common divisor of a and t.
7
Let o = -3707 + 3739. Calculate the highest common divisor of 560 and o.
16
Suppose -31*w = -36*w - o + 164572, 2*w - 65818 = 5*o. Calculate the greatest common divisor of w and 14.
14
Let j(d) = -78 + 3*d - 107 - 3*d + 20*d. Let b be j(22). Let i = -238 - -340. Calculate the highest common factor of b and i.
51
Let y(k) = -6*k**2 + 17*k + 23. Let i(u) = -5*u**2 + 16*u + 22. Let t(b) = 7*i(b) - 6*y(b). Let c be t(-14). What is the greatest common divisor of 36 and c?
36
Let i = 26 + -13. Let k = -484 + 601. What is the greatest common factor of k and i?
13
Let x = 1645 - 1547. What is the greatest common factor of x and 966?
14
Let i(s) = s**2 - s - 4. Let x be i(6). Let u(p) = 4*p**2 - 42*p + 285. Let v be u(14). Calculate the highest common factor of v and x.
13
Let h = -663 - -717. Suppose -5*f + 5 = 0, 455 = 5*k + 4*f + f. Calculate the highest common factor of k and h.
18
Let u be 3 - 2 - (85 - 90). Calculate the highest common factor of 5718 and u.
6
Let t = 9972 + -9958. Calculate the greatest common divisor of t and 7798.
14
Suppose 3*r - 277 - 329 = 0. Suppose -12*o = r - 682. What is the highest common factor of 40 and o?
40
Suppose -5*x = -z - 7*x + 39, 3*x - 18 = 0. Calculate the highest common divisor of 7 and z.
1
Suppose -16*b + 13*b = -39. Let p be (1040/15)/(8/12). Calculate the highest common factor of b and p.
13
Suppose -4*u - 17*w = -15*w - 1320, 1330 = 4*u - 3*w. Let x = u - 312. Calculate the greatest common factor of x and 475.
19
Suppose -4*k = 2*h + 12, 25*k - 24*k = -2*h - 6. Let q be (-1 - (-5 - h))*91/26. What is the greatest common divisor of q and 91?
7
Suppose 4459 = g + 6*g. Suppose g = 2*x + 147. Suppose 0*t - 4*t - p + x = 0, 3*t = -3*p + 195. What is the highest common divisor of t and 45?
15
Let o = -2872 + 2908. Calculate the greatest common factor of 576 and o.
36
Let j(a) = 3*a**2 + 368*a + 3223. Let k be j(-9). What is the greatest common factor of 546 and k?
14
Suppose 70*x = 72*x - 44. Let v be 286 + -1 + -7 + 8. What is the greatest common factor of x and v?
22
Let a(v) = -9*v**3 + 25*v**2 - 14*v - 242. Let y be a(-11). What is the greatest common factor of y and 226?
226
Let b = -71 + 91. Suppose -z + 4 = 3*a - 4, 65 = 4*z + a. Let d = z - -53. Calculate the highest common factor of b and d.
10
Let s be 21787/7 - (-348)/609. What is the highest common factor of 11 and s?
11
Let g be (24/9)/(-3 - 58/(-18)). Suppose 27*u - 23 = 25*u - q, 4*q = 5*u - 64. What is the highest common factor of u and g?
12
Suppose 8*c - 800 - 640 = 0. Suppose 5*f - 3*f + 2*l - c = 0, 3*l = 15. What is the highest common factor of 34 and f?
17
Let w = 11 - 7. Suppose w*a - 14 = 10. Let u be ((-19352)/(-656) - 2*1)/((-132)/(-48)). Calculate the greatest common factor of u and a.
2
Let j = -1942 - -2023. Calculate the highest common factor of j and 603.
9
Suppose 374*g = 352*g + 418. What is the greatest common factor of g and 6023?
19
Let b = 8529 - 7973. Calculate the greatest common factor of 16 and b.
4
Suppose y + 45 = -21. Let n be 33/(y/(-6))*(-18)/(-1). Calculate the greatest common divisor of 135 and n.
27
Let a = -1253 - -1614. What is the greatest common factor of 266 and a?
19
Let j(a) = -a**3 + 10*a**2 - 15*a - 11. Let v be j(8). Let k be 83/(v/33*-1). Calculate the highest common divisor of k and 83.
83
Suppose 3*g = 4*u + 183, 3*u + 0*g + 136 = 2*g. Let y = u + 41. Let v be (1/(-3))/(y/21). What is the highest common divisor of v and 63?
7
Suppose 4*j = -578 + 594. Suppose -j*a - 89 = -117. What is the greatest common factor of a and 35?
7
Let j be (-12765)/(-5) - (9 + 3)/(-6). Calculate the greatest common divisor of j and 70.
35
Suppose -55*i = -56*i + 5*v + 105, 3*i - 247 = -2*v. What is the greatest common divisor of 68 and i?
17
Suppose -4*g + 12*g + 832 = 0. Let j = 119 + g. Suppose 4*d = -j + 59. Calculate the highest common factor of 22 and d.
11
Let m = -20 - -128. Let q be 489/(-7) - (10/(-14))/(-5). Let g be ((-240)/q)/((-4)/(-14)). Calculate the greatest common factor of m and g.
12
Let c = 8420 - 8400. Calculate the greatest common factor of 700 and c.
20
Let t be (30/(-12))/(40/(-672) - 0). What is the highest common divisor of 1778 and t?
14
Let t be ((1 - 13) + 2)/(-2). Let v = -695 - -735. Calculate the highest common divisor of t and v.
5
Let z(u) = u**2 - 8*u - 4. Let s be z(9). Suppose c - 4*b = 1368, c + s*b = 1143 + 225. Calculate the highest common factor of 72 and c.
72
Suppose -7 + 40 = 7*h + 19. Calculate the highest common factor of h and 732.
2
Let g = -91 - -95. Suppose q + d + 48 = 14, 136 = -g*q + 2*d. Let b = q + 55. What is the highest common factor of 35 and b?
7
Let z(w) = -2*w**2 + 108*w - 560. Let p be z(40). Calculate the highest common divisor of 448 and p.
112
Let n(c) be the first derivative of -5*c**2 - 131*c + 218. Let u be n(-16). Let z = -36 + 65. What is the highest common factor of z and u?
29
Suppose -j + 334 = 2*j - 4*o, o = 3*j - 322. Let w(u) = u**2 + 28*u - 429. Let i be w(-42). What is the greatest common factor of j and i?
53
Let j = 27 - 1. Suppose -4*z - 4*s + 548 = 0, -406 = -5*z + 2*z + 2*s. Suppose -j*w + 22*w + z = 0. Calculate the greatest common factor of w and 51.
17
Let q be 10/8 - ((-50)/(-40) - -4 - 6). Let g = 71 + -44. What is the highest common divisor of q and g?
1
Suppose 2*q = -5*o + 186, 4*q = -q + o + 438. Suppose -4*z = 5*f - 61, -83 = -52*z + 50*z + 5*f. Calculate the highest common factor of z and q.
8
Let x(j) = 1530*j + 645. Let a be x(8). What is the highest common divisor of 30 and a?
15
Let m = 24 + -10. Let d(t) = -16*t**2 - 158*t. Let c be d(-9). What is the highest common factor of m and c?
14
Let a(b) = 74*b - 2. Suppose 4*k = -4*y - 8 + 80, -3*k + 4*y + 19 = 0. Let f = k + -12. Let z be a(f). Calculate the greatest common factor of 9 and z.
9
Let s = 209 + -225. Let b be (-125)/(-3) - s/48. Calculate the highest common divisor of b and 21.
21
Suppose -214*c + 120429 = -205*c. Suppose 57*h - 983 - c = 0. Calculate the highest common factor of 21 and h.
21
Let h be -3 - 0/(-5) - -73. Let k = h + -70. Suppose k = -31*p + 32*p - 63. What is the highest common divisor of p and 9?
9
Let q(u) = 26*u**2 + 35*u + 116. Let m be q(-4). Calculate the greatest common divisor of 7154 and m.
98
Let r(s) = 16*s + 159. Let v be r(-7). Calculate the greatest common divisor of v and 2.
1
Let j be 32/(-8)*((-594)/8 + -1)*4. What is the highest common factor of 84 and j?
28
Let k = -2789 + 4300. Suppose -1 = -5*g + 4, -4*n + g + k = 0. Calculate the greatest common divisor of n and 42.
42
Suppose -2*u - 2 = 2*l, 3*u + 4*l - 3 + 4 = 0. Let j be -2 + (-4)/3*u/(-1). Let a be j + 97 + -1*(0 + 1). What is the highest common factor of 5 and a?
5
Let n(l) = -5*l + 2. Let q be n(-6). Let t = 84842 + -84706. Calculate the greatest common factor of t and q.
8
Let i be (0 + 44/(-10))/(44/(-550)*5). Let t be 4822/6 - (-34)/(-51). Calculate the greatest common divisor of t and i.
11
Suppose 4*p - 239 = -o + 48, p - 77 = 5*o. Suppose -u + p = u. Let v = 2550230 - 2550140. What is the highest common divisor of u and v?
18
Suppose 0 = 2*w - 4, y + 2*w - 231 = 184. What is the greatest common factor of 548 and y?
137
Suppose 0*a = 6*a + 30. Let z(d) = 5*d**2 + 21*d - 4. Let f be z(a). Suppose 4*i - 709 = -5*k, 0 = k + 2 - 3. What is the highest common divisor of f and i?
16
Let i = -5228 - -5237. What is the highest common factor of i and 2511?
9
Let j(h) = h**3 + 5*h**2 - 9*h - 3. Let u be j(-7). Let r be (2 - u/(-1))/(-2). Calculate the greatest common factor of r and 27.
9
Let o be 11/((-440)/256)*-275. What is the greatest common divisor of o and 800?
160
Suppose -31 = -3*p - 4. Suppose p*l = l + 96. What is the greatest common divisor of 28 and l?
4
Suppose -3*o + 15 = -3*j, -23 = 4*j - 6*o + 3*o. Let b be (-450)/j + (-10)/40. Let v be 3/(-3) + 1 + b. Calculate the greatest common divisor of 7 and v.
7
Let w(o) = -o**3 + 2*o**2 - 2*o - 75. Let p be w(0). Let a = p + 111. What is the greatest common factor of a and 9?
9
Let l = 